{"id":133603,"date":"2025-07-22T16:20:06","date_gmt":"2025-07-22T16:20:06","guid":{"rendered":"https:\/\/www.ggstyle-danceschool.com\/?page_id=133603"},"modified":"2025-08-10T11:48:10","modified_gmt":"2025-08-10T11:48:10","slug":"les-cours-de-danse-pour-exprimer-ses-emotions","status":"publish","type":"page","link":"https:\/\/www.ggstyle-danceschool.com\/?page_id=133603","title":{"rendered":"Les cours de danse pour exprimer ses \u00e9motions"},"content":{"rendered":"<div class=\"aioseo-breadcrumbs\"><span class=\"aioseo-breadcrumb\">\n\t<a href=\"https:\/\/www.ggstyle-danceschool.com\" title=\"Home\">Home<\/a>\n<\/span><span class=\"aioseo-breadcrumb-separator\">&raquo;<\/span><span class=\"aioseo-breadcrumb\">\n\t<a href=\"https:\/\/www.ggstyle-danceschool.com\/?page_id=133563\" title=\"Trouve ton cours de danse\">Trouve ton cours de danse<\/a>\n<\/span><span class=\"aioseo-breadcrumb-separator\">&raquo;<\/span><span class=\"aioseo-breadcrumb\">\n\t<a href=\"https:\/\/www.ggstyle-danceschool.com\/?page_id=133569\" title=\"Trouve ton cours de danse\">Trouve ton cours de danse<\/a>\n<\/span><span class=\"aioseo-breadcrumb-separator\">&raquo;<\/span><span class=\"aioseo-breadcrumb\">\n\t<a href=\"https:\/\/www.ggstyle-danceschool.com\/?page_id=133587\" title=\"Les cours de danse pour adultes\">Les cours de danse pour adultes<\/a>\n<\/span><span class=\"aioseo-breadcrumb-separator\">&raquo;<\/span><span class=\"aioseo-breadcrumb\">\n\tLes cours de danse pour exprimer ses \u00e9motions\n<\/span><\/div>\n\n\n<h2 class=\"wp-block-heading\">Lyrical Jazz<\/h2>\n\n\n\n<p>Un cours de danse qui m\u00eale modern jazz et contemporain.<\/p>\n\n\n\n<h2 class=\"wp-block-heading\">Lyrical Hip Hop<\/h2>\n\n\n\n<p>Cours de dans alliant hip hop et contemporain pour des chor\u00e9graphies \u00e0 la fois urbaines et douces.<\/p>\n\n\n\n<h2 class=\"wp-block-heading\">Sexy &amp; Lyrical<\/h2>\n\n\n\n<p>Quand les \u00e9motions rencontrent la f\u00e9minit\u00e9 et la sensualit\u00e9, gr\u00e2ce et \u00e9l\u00e9gance garantie.<\/p>\n\n\n\n<div class=\"wp-block-buttons is-content-justification-center is-layout-flex wp-container-core-buttons-is-layout-16018d1d wp-block-buttons-is-layout-flex\">\n<div class=\"wp-block-button\"><a class=\"wp-block-button__link has-vivid-red-background-color has-background wp-element-button\" href=\"https:\/\/www.ggstyle-danceschool.com\/?page_id=25751\">Je consulte le planning et je r\u00e9serve mon cours d&rsquo;essai offert<\/a><\/div>\n<\/div>\n\n\n\n<p><a href=\"https:\/\/www.ggstyle-danceschool.com\/?page_id=133587\" data-type=\"page\" data-id=\"133587\">Pr\u00e9c\u00e9dent<\/a><\/p>\n","protected":false},"excerpt":{"rendered":"<p>Lyrical Jazz Un cours de danse qui m\u00eale modern jazz et contemporain. Lyrical Hip Hop Cours de dans alliant hip hop et contemporain pour des chor\u00e9graphies \u00e0 la fois urbaines et douces. Sexy &amp; Lyrical Quand les \u00e9motions rencontrent la f\u00e9minit\u00e9 et la sensualit\u00e9, gr\u00e2ce et \u00e9l\u00e9gance garantie. Pr\u00e9c\u00e9dent<\/p>\n","protected":false},"author":1,"featured_media":0,"parent":133587,"menu_order":0,"comment_status":"closed","ping_status":"closed","template":"","meta":{"om_disable_all_campaigns":false,"_monsterinsights_skip_tracking":false,"_monsterinsights_sitenote_active":false,"_monsterinsights_sitenote_note":"","_monsterinsights_sitenote_category":0,"footnotes":""},"class_list":["post-133603","page","type-page","status-publish","hentry"],"aioseo_notices":[],"_links":{"self":[{"href":"https:\/\/www.ggstyle-danceschool.com\/index.php?rest_route=\/wp\/v2\/pages\/133603","targetHints":{"allow":["GET"]}}],"collection":[{"href":"https:\/\/www.ggstyle-danceschool.com\/index.php?rest_route=\/wp\/v2\/pages"}],"about":[{"href":"https:\/\/www.ggstyle-danceschool.com\/index.php?rest_route=\/wp\/v2\/types\/page"}],"author":[{"embeddable":true,"href":"https:\/\/www.ggstyle-danceschool.com\/index.php?rest_route=\/wp\/v2\/users\/1"}],"replies":[{"embeddable":true,"href":"https:\/\/www.ggstyle-danceschool.com\/index.php?rest_route=%2Fwp%2Fv2%2Fcomments&post=133603"}],"version-history":[{"count":3,"href":"https:\/\/www.ggstyle-danceschool.com\/index.php?rest_route=\/wp\/v2\/pages\/133603\/revisions"}],"predecessor-version":[{"id":133973,"href":"https:\/\/www.ggstyle-danceschool.com\/index.php?rest_route=\/wp\/v2\/pages\/133603\/revisions\/133973"}],"up":[{"embeddable":true,"href":"https:\/\/www.ggstyle-danceschool.com\/index.php?rest_route=\/wp\/v2\/pages\/133587"}],"wp:attachment":[{"href":"https:\/\/www.ggstyle-danceschool.com\/index.php?rest_route=%2Fwp%2Fv2%2Fmedia&parent=133603"}],"curies":[{"name":"wp","href":"https:\/\/api.w.org\/{rel}","templated":true}]}}