{"id":133590,"date":"2025-07-22T15:06:47","date_gmt":"2025-07-22T15:06:47","guid":{"rendered":"https:\/\/www.ggstyle-danceschool.com\/?page_id=133590"},"modified":"2025-08-10T11:49:49","modified_gmt":"2025-08-10T11:49:49","slug":"les-cours-de-danse-techniques-pour-adultes","status":"publish","type":"page","link":"https:\/\/www.ggstyle-danceschool.com\/?page_id=133590","title":{"rendered":"Les cours de danse techniques pour adultes"},"content":{"rendered":"<div class=\"aioseo-breadcrumbs\"><span class=\"aioseo-breadcrumb\">\n\t<a href=\"https:\/\/www.ggstyle-danceschool.com\" title=\"Home\">Home<\/a>\n<\/span><span class=\"aioseo-breadcrumb-separator\">&raquo;<\/span><span class=\"aioseo-breadcrumb\">\n\t<a href=\"https:\/\/www.ggstyle-danceschool.com\/?page_id=133563\" title=\"Trouve ton cours de danse\">Trouve ton cours de danse<\/a>\n<\/span><span class=\"aioseo-breadcrumb-separator\">&raquo;<\/span><span class=\"aioseo-breadcrumb\">\n\t<a href=\"https:\/\/www.ggstyle-danceschool.com\/?page_id=133569\" title=\"Trouve ton cours de danse\">Trouve ton cours de danse<\/a>\n<\/span><span class=\"aioseo-breadcrumb-separator\">&raquo;<\/span><span class=\"aioseo-breadcrumb\">\n\t<a href=\"https:\/\/www.ggstyle-danceschool.com\/?page_id=133587\" title=\"Les cours de danse pour adultes\">Les cours de danse pour adultes<\/a>\n<\/span><span class=\"aioseo-breadcrumb-separator\">&raquo;<\/span><span class=\"aioseo-breadcrumb\">\n\tLes cours de danse techniques pour adultes\n<\/span><\/div>\n\n\n<h2 class=\"wp-block-heading\">Danse classique<\/h2>\n\n\n\n<p>Apprentissage des mouvements \u00e0 la barre, suivi de l&rsquo;apprentissage d&rsquo;une chor\u00e9graphie pour mettre en application. Excellent cours de danse pour se muscler, se tonifier et travailler sa souplesse.<\/p>\n\n\n\n<h2 class=\"wp-block-heading\">Modern Jazz<\/h2>\n\n\n\n<p>Un cours technique pour apprendre \u00e0 danser avec gr\u00e2ce et \u00e9l\u00e9gance. Souplesse, tonicit\u00e9 et ma\u00eetrise du mouvement sont les principaux axes de travail dans ce cours.<\/p>\n\n\n\n<h2 class=\"wp-block-heading\">Hip Hop Old School<\/h2>\n\n\n\n<p>Dans ce cours de anse vous allez apprendre les mouvements de base de la culture hip hop. Un voyage r\u00e9tro et fun pour apprendre en s&rsquo;amusant.<\/p>\n\n\n\n<h2 class=\"wp-block-heading\">Breakdance<\/h2>\n\n\n\n<p>Dans ce cours on se challenge et on apprend des figures au sol! Travail de la mobilit\u00e9, de la souplesse et bonification de tout le corps.<\/p>\n\n\n\n<div class=\"wp-block-buttons is-content-justification-center is-layout-flex wp-container-core-buttons-is-layout-16018d1d wp-block-buttons-is-layout-flex\">\n<div class=\"wp-block-button\"><a class=\"wp-block-button__link has-vivid-red-background-color has-background wp-element-button\" href=\"https:\/\/www.ggstyle-danceschool.com\/?page_id=25751\">Consulter le planning et r\u00e9server mon cours d&rsquo;essai offert<\/a><\/div>\n<\/div>\n\n\n\n<p><a href=\"https:\/\/www.ggstyle-danceschool.com\/?page_id=133587\" data-type=\"page\" data-id=\"133587\">Pr\u00e9c\u00e9dent<\/a><\/p>\n","protected":false},"excerpt":{"rendered":"<p>Danse classique Apprentissage des mouvements \u00e0 la barre, suivi de l&rsquo;apprentissage d&rsquo;une chor\u00e9graphie pour mettre en application. Excellent cours de danse pour se muscler, se tonifier et travailler sa souplesse. Modern Jazz Un cours technique pour apprendre \u00e0 danser avec gr\u00e2ce et \u00e9l\u00e9gance. Souplesse, tonicit\u00e9 et ma\u00eetrise du mouvement sont les principaux axes de travail [&hellip;]<\/p>\n","protected":false},"author":1,"featured_media":0,"parent":133587,"menu_order":0,"comment_status":"closed","ping_status":"closed","template":"","meta":{"om_disable_all_campaigns":false,"_monsterinsights_skip_tracking":false,"_monsterinsights_sitenote_active":false,"_monsterinsights_sitenote_note":"","_monsterinsights_sitenote_category":0,"footnotes":""},"class_list":["post-133590","page","type-page","status-publish","hentry"],"aioseo_notices":[],"_links":{"self":[{"href":"https:\/\/www.ggstyle-danceschool.com\/index.php?rest_route=\/wp\/v2\/pages\/133590","targetHints":{"allow":["GET"]}}],"collection":[{"href":"https:\/\/www.ggstyle-danceschool.com\/index.php?rest_route=\/wp\/v2\/pages"}],"about":[{"href":"https:\/\/www.ggstyle-danceschool.com\/index.php?rest_route=\/wp\/v2\/types\/page"}],"author":[{"embeddable":true,"href":"https:\/\/www.ggstyle-danceschool.com\/index.php?rest_route=\/wp\/v2\/users\/1"}],"replies":[{"embeddable":true,"href":"https:\/\/www.ggstyle-danceschool.com\/index.php?rest_route=%2Fwp%2Fv2%2Fcomments&post=133590"}],"version-history":[{"count":3,"href":"https:\/\/www.ggstyle-danceschool.com\/index.php?rest_route=\/wp\/v2\/pages\/133590\/revisions"}],"predecessor-version":[{"id":133976,"href":"https:\/\/www.ggstyle-danceschool.com\/index.php?rest_route=\/wp\/v2\/pages\/133590\/revisions\/133976"}],"up":[{"embeddable":true,"href":"https:\/\/www.ggstyle-danceschool.com\/index.php?rest_route=\/wp\/v2\/pages\/133587"}],"wp:attachment":[{"href":"https:\/\/www.ggstyle-danceschool.com\/index.php?rest_route=%2Fwp%2Fv2%2Fmedia&parent=133590"}],"curies":[{"name":"wp","href":"https:\/\/api.w.org\/{rel}","templated":true}]}}