{"id":133574,"date":"2025-07-22T14:25:12","date_gmt":"2025-07-22T14:25:12","guid":{"rendered":"https:\/\/www.ggstyle-danceschool.com\/?page_id=133574"},"modified":"2025-08-12T15:48:07","modified_gmt":"2025-08-12T15:48:07","slug":"les-cours-de-danse-pour-les-enfants-de-3-a-5-ans","status":"publish","type":"page","link":"https:\/\/www.ggstyle-danceschool.com\/?page_id=133574","title":{"rendered":"Les cours de danse pour les enfants de 3 \u00e0 5 ans"},"content":{"rendered":"<div class=\"aioseo-breadcrumbs\"><span class=\"aioseo-breadcrumb\">\n\t<a href=\"https:\/\/www.ggstyle-danceschool.com\" title=\"Home\">Home<\/a>\n<\/span><span class=\"aioseo-breadcrumb-separator\">&raquo;<\/span><span class=\"aioseo-breadcrumb\">\n\t<a href=\"https:\/\/www.ggstyle-danceschool.com\/?page_id=133563\" title=\"Trouve ton cours de danse\">Trouve ton cours de danse<\/a>\n<\/span><span class=\"aioseo-breadcrumb-separator\">&raquo;<\/span><span class=\"aioseo-breadcrumb\">\n\t<a href=\"https:\/\/www.ggstyle-danceschool.com\/?page_id=133569\" title=\"Trouve ton cours de danse\">Trouve ton cours de danse<\/a>\n<\/span><span class=\"aioseo-breadcrumb-separator\">&raquo;<\/span><span class=\"aioseo-breadcrumb\">\n\tLes cours de danse pour les enfants de 3 \u00e0 5 ans\n<\/span><\/div>\n\n\n<h2 class=\"wp-block-heading\">Pour les princesses et les princes charmants<\/h2>\n\n\n\n<p>Les fans de tutus trouveront leur bonheur dans les cours d&rsquo;\u00e9veil avec notre super professeur M\u00e9ryl.<\/p>\n\n\n\n<h2 class=\"wp-block-heading\">Pour ceux qui veulent bouger et se d\u00e9fouler<\/h2>\n\n\n\n<p>Bonne humeur et fun garanti dans les cours de baby hip hop. On apprend nos premi\u00e8res chor\u00e9graphies et on fait des jeux pour d\u00e9velopper la motricit\u00e9, la coordination et stimuler la m\u00e9moire.<\/p>\n\n\n\n<div class=\"wp-block-buttons is-content-justification-center is-layout-flex wp-container-core-buttons-is-layout-16018d1d wp-block-buttons-is-layout-flex\">\n<div class=\"wp-block-button\"><a class=\"wp-block-button__link has-vivid-red-background-color has-background wp-element-button\">Consulter le planning et r\u00e9server mon cours d&rsquo;essai<\/a><\/div>\n<\/div>\n\n\n\n<p class=\"has-vivid-red-color has-text-color has-link-color wp-elements-09abe8ec939ab64dc592b2db9e1a115e\"><a href=\"https:\/\/www.ggstyle-danceschool.com\/?page_id=133563\" data-type=\"page\" data-id=\"133563\">Pr\u00e9c\u00e9dent<\/a><\/p>\n","protected":false},"excerpt":{"rendered":"<p>Pour les princesses et les princes charmants Les fans de tutus trouveront leur bonheur dans les cours d&rsquo;\u00e9veil avec notre super professeur M\u00e9ryl. Pour ceux qui veulent bouger et se d\u00e9fouler Bonne humeur et fun garanti dans les cours de baby hip hop. On apprend nos premi\u00e8res chor\u00e9graphies et on fait des jeux pour d\u00e9velopper [&hellip;]<\/p>\n","protected":false},"author":1,"featured_media":0,"parent":133569,"menu_order":0,"comment_status":"closed","ping_status":"closed","template":"","meta":{"om_disable_all_campaigns":false,"_monsterinsights_skip_tracking":false,"_monsterinsights_sitenote_active":false,"_monsterinsights_sitenote_note":"","_monsterinsights_sitenote_category":0,"footnotes":""},"class_list":["post-133574","page","type-page","status-publish","hentry"],"aioseo_notices":[],"_links":{"self":[{"href":"https:\/\/www.ggstyle-danceschool.com\/index.php?rest_route=\/wp\/v2\/pages\/133574","targetHints":{"allow":["GET"]}}],"collection":[{"href":"https:\/\/www.ggstyle-danceschool.com\/index.php?rest_route=\/wp\/v2\/pages"}],"about":[{"href":"https:\/\/www.ggstyle-danceschool.com\/index.php?rest_route=\/wp\/v2\/types\/page"}],"author":[{"embeddable":true,"href":"https:\/\/www.ggstyle-danceschool.com\/index.php?rest_route=\/wp\/v2\/users\/1"}],"replies":[{"embeddable":true,"href":"https:\/\/www.ggstyle-danceschool.com\/index.php?rest_route=%2Fwp%2Fv2%2Fcomments&post=133574"}],"version-history":[{"count":4,"href":"https:\/\/www.ggstyle-danceschool.com\/index.php?rest_route=\/wp\/v2\/pages\/133574\/revisions"}],"predecessor-version":[{"id":133978,"href":"https:\/\/www.ggstyle-danceschool.com\/index.php?rest_route=\/wp\/v2\/pages\/133574\/revisions\/133978"}],"up":[{"embeddable":true,"href":"https:\/\/www.ggstyle-danceschool.com\/index.php?rest_route=\/wp\/v2\/pages\/133569"}],"wp:attachment":[{"href":"https:\/\/www.ggstyle-danceschool.com\/index.php?rest_route=%2Fwp%2Fv2%2Fmedia&parent=133574"}],"curies":[{"name":"wp","href":"https:\/\/api.w.org\/{rel}","templated":true}]}}